te the highest common divisor of 3865783 and 289.
17
Calculate the greatest common divisor of 531 and 1015449.
177
What is the greatest common divisor of 808 and 694274?
202
Calculate the greatest common factor of 357602 and 3577.
49
What is the greatest common factor of 434 and 3306274?
62
What is the greatest common factor of 41321 and 3682?
7
Calculate the highest common factor of 1407 and 77965622.
469
What is the greatest common factor of 28119095 and 2092?
523
Calculate the highest common divisor of 51135490 and 595.
595
What is the greatest common divisor of 64 and 15839344?
16
Calculate the highest common divisor of 65409613 and 293.
293
Calculate the greatest common divisor of 4081 and 11627.
77
Calculate the highest common factor of 1260 and 125068140.
180
Calculate the highest common factor of 232302628 and 3124.
284
What is the highest common divisor of 51613947 and 7?
7
What is the greatest common divisor of 215175 and 10268?
151
What is the greatest common divisor of 628558 and 126?
14
Calculate the greatest common divisor of 200 and 23551036.
4
Calculate the greatest common divisor of 851 and 59755886.
23
Calculate the greatest common factor of 465 and 7963869.
93
Calculate the highest common factor of 63303112 and 8.
8
Calculate the greatest common divisor of 13728 and 3345771.
429
What is the highest common factor of 1944463 and 767?
59
What is the greatest common factor of 4841 and 1419031?
103
Calculate the highest common divisor of 188 and 420753964.
188
What is the highest common divisor of 4883294 and 6344?
1586
What is the greatest common divisor of 128288 and 96?
32
What is the highest common divisor of 8667 and 52537?
107
Calculate the highest common factor of 1739576 and 680.
136
What is the greatest common divisor of 2562 and 19566848?
854
What is the greatest common divisor of 11721 and 128552021?
3907
Calculate the greatest common divisor of 21065824 and 14378.
2054
What is the highest common factor of 17679 and 4797612?
213
What is the highest common factor of 664 and 2821087?
83
What is the greatest common factor of 223875 and 1000?
125
What is the greatest common factor of 2877 and 45985557?
411
What is the greatest common factor of 1607 and 81963428?
1607
What is the highest common divisor of 1449 and 529704?
63
What is the greatest common factor of 7744 and 5649?
1
Calculate the highest common divisor of 79278799 and 129.
43
What is the greatest common factor of 732 and 1610583?
183
What is the highest common divisor of 1064933990 and 470?
470
What is the highest common divisor of 3750 and 170019375?
1875
Calculate the highest common divisor of 140 and 905968.
28
What is the highest common divisor of 77500 and 69068?
124
Calculate the highest common divisor of 578 and 43053078.
34
What is the highest common factor of 14491400 and 880?
440
What is the greatest common factor of 407805698 and 1?
1
Calculate the greatest common factor of 4059 and 45743577.
1353
Calculate the greatest common divisor of 2794 and 22418294.
254
Calculate the greatest common divisor of 16192210 and 68870.
970
Calculate the highest common divisor of 107244 and 3136.
4
Calculate the highest common divisor of 2979 and 1381365.
9
What is the highest common factor of 326 and 4866528?
326
What is the highest common divisor of 173569 and 2900282?
5599
Calculate the highest common factor of 335602712 and 697.
697
What is the highest common factor of 3033 and 6282?
9
Calculate the greatest common divisor of 10476486 and 4104.
1026
What is the greatest common factor of 289840 and 96?
16
What is the highest common factor of 6853 and 457193?
979
What is the highest common factor of 2467317 and 3?
3
What is the greatest common divisor of 61515074 and 4?
2
Calculate the greatest common factor of 12210 and 63510.
30
What is the highest common divisor of 76176 and 60149416?
4232
What is the highest common factor of 6567764 and 1428?
28
What is the greatest common factor of 1891 and 325097?
31
Calculate the highest common divisor of 749 and 79763899.
107
What is the greatest common divisor of 1676584 and 1029?
343
Calculate the greatest common divisor of 265768 and 552568.
1912
Calculate the highest common divisor of 156 and 644840.
4
Calculate the greatest common factor of 1902 and 12465391.
317
What is the highest common factor of 221 and 167839776?
221
Calculate the greatest common factor of 223932 and 9648.
12
What is the greatest common factor of 15 and 4682219?
1
What is the highest common factor of 10780 and 3792?
4
Calculate the highest common divisor of 407032599 and 4629.
4629
Calculate the greatest common divisor of 114 and 86277651.
57
What is the highest common divisor of 273921 and 2427651?
2091
What is the highest common factor of 2235 and 60607985?
745
What is the highest common divisor of 43697666 and 1897?
271
Calculate the highest common factor of 3146498 and 334844.
1726
What is the greatest common factor of 60909 and 781626?
237
Calculate the highest common factor of 1414293 and 7761.
597
Calculate the greatest common factor of 186 and 68595839.
31
Calculate the greatest common factor of 38831 and 1933516.
1339
What is the highest common factor of 45510 and 8318490?
1230
Calculate the highest common factor of 504398025 and 45.
45
Calculate the highest common factor of 8643358 and 14446.
62
Calculate the highest common factor of 72 and 3819.
3
Calculate the highest common factor of 18088228 and 1406.
38
What is the greatest common divisor of 1052 and 4686923?
263
What is the greatest common factor of 51576936 and 120?
24
Calculate the greatest common factor of 558 and 3522348.
18
Calculate the highest common divisor of 1951946 and 899.
31
What is the highest common factor of 6370 and 514241?
91
What is the highest common factor of 39 and 198111?
3
What is the highest common divisor of 36 and 1616081886?
18
Calculate the greatest common divisor of 2796768 and 2769.
39
Calculate the greatest common divisor of 72695184 and 16.
16
Calculate the highest common factor of 6706 and 193326.
14
Calculate the highest common divisor of 2472 and 1369088.
8
Calculate the greatest common divisor of 57907080 and 52920.
2520
What is the highest common divisor of 195524 and 2170?
14
What is the greatest common factor of 13111280 and 416?
208
What is the greatest common divisor of 1049293 and 2317?
7
What is the greatest common factor of 305350 and 203360?
310
What is the greatest common divisor of 935962 and 23?
23
What is the greatest common divisor of 109208 and 4088?
584
Calculate the highest common factor of 23104 and 3236928.
64
Calculate the highest common factor of 99 and 60039927.
9
What is the highest common divisor of 175641 and 75?
3
Calculate the highest common factor of 344 and 8395363.
43
What is the highest common divisor of 5442074 and 4726?
34
What is the greatest common divisor of 138605 and 4275?
95
What is the highest common factor of 98 and 262522?
2
Calculate the highest common divisor of 1968 and 33725616.
1968
Calculate the greatest common factor of 5092951 and 3538.
1769
What is the greatest common divisor of 558225295 and 5602?
2801
Calculate the highest common divisor of 7571110 and 240.
10
What is the greatest common factor of 50804404 and 1064?
532
Calculate the greatest common factor of 420660 and 13120.
820
What is the greatest common factor of 14470 and 2740?
10
Calculate the highest common factor of 4259015 and 90.
5
What is the highest common factor of 47206683 and 3114?
1557
Calculate the greatest common divisor of 245457606 and 2766.
2766
What is the highest common factor of 605496 and 1488?
24
What is the highest common divisor of 8115646 and 1078?
154
What is the greatest common factor of 6336859 and 206137?
1483
What is the highest common divisor of 1207 and 87709069?
1207
Calculate the highest common factor of 35 and 58584365.
35
Calculate the highest common divisor of 74251 and 5371.
41
Calculate the highest common divisor of 16705887 and 6.
3
What is the highest common divisor of 2558959 and 2873?
221
What is the highest common factor of 756 and 237625272?
108
What is the greatest common factor of 970593 and 6617?
13
Calculate the highest common factor of 1408 and 13795760.
176
What is the highest common